{"id":2125,"date":"2025-09-10T11:15:45","date_gmt":"2025-09-10T11:15:45","guid":{"rendered":"https:\/\/suncanamore.com\/?post_type=product&#038;p=2125"},"modified":"2025-09-28T19:32:28","modified_gmt":"2025-09-28T17:32:28","slug":"square-lace-earrings","status":"publish","type":"product","link":"https:\/\/suncanamore.com\/?product=square-lace-earrings","title":{"rendered":"Square Lace Earrings"},"content":{"rendered":"<div id=\":sx\" class=\"Ar Au Ao\">\n<div id=\":st\" class=\"Am Al editable LW-avf tS-tW tS-tY\" tabindex=\"1\" role=\"textbox\" spellcheck=\"false\" aria-multiline=\"true\" aria-label=\"Message Body\">\n<p>Beautiful little bling of light on your ears!<\/p>\n<p>Perfect little squares with small intrinsic details of Pag lace.<\/p>\n<p data-start=\"35\" data-end=\"87\"><strong data-start=\"35\" data-end=\"85\">Prekrasni mali bljesak svjetla na va\u0161im u\u0161ima!<\/strong><\/p>\n<p data-start=\"89\" data-end=\"158\">Savr\u0161eni mali kvadrati\u0107i s finim, intrinzi\u010dnim detaljima Pag \u010dipke.<\/p>\n<p data-start=\"160\" data-end=\"381\">Motiv Pag \u010dipke ugraviran je na metalnu povr\u0161inu ekolo\u0161kim metodama. Koristimo slanu vodu (more) i elektri\u010dnu struju kako bismo stvorili ovu magiju. Rezultat je vrlo organski izgled, zbog \u010dega je svaki komad jedinstven.<\/p>\n<p data-start=\"383\" data-end=\"400\"><strong data-start=\"383\" data-end=\"398\">Materijali:<\/strong><\/p>\n<ul data-start=\"401\" data-end=\"624\">\n<li data-start=\"401\" data-end=\"469\">\n<p data-start=\"403\" data-end=\"469\">Privjesak: dostupno u mesingu<\/p>\n<\/li>\n<li data-start=\"470\" data-end=\"624\">\n<p data-start=\"472\" data-end=\"624\">Dijelovi koji prolaze kroz uho: medicinski nehr\u0111aju\u0107i \u010delik 304<br data-start=\"535\" data-end=\"538\" \/>Oba materijala su hipoalergena (osim mesinga), vrlo izdr\u017eljiva i sigurna za no\u0161enje.<\/p>\n<\/li>\n<\/ul>\n<p data-start=\"827\" data-end=\"1055\">Mesing prirodno razvija patinu, koja s vremenom dodaje dimenziju, karakter i ljepotu. Jednostavan na\u010din da se postigne taj izgled je da se izbjegava poliranje i pusti da kisik i va\u0161a prirodna kemija tijela stvore \u201cvinti\u0111\u201d fini\u0161.<\/p>\n<p data-start=\"1057\" data-end=\"1239\">Ako ipak \u017eelite zadr\u017eati originalni sjaj, ovaj vodi\u010d sadr\u017ei najbolje savjete za \u010di\u0161\u0107enje i odr\u017eavanje mesinganog nakita. Redovito \u010di\u0161\u0107enje mo\u017ee vratiti mesing u njegov izvorni ton.<\/p>\n<p data-start=\"1241\" data-end=\"1717\">Za neke osobe koje nose nakit od ru\u017ei\u010dastog zlata, srebra ili mesinga mo\u017ee se pojaviti \u201czelenilo\u201d kada nakit do\u0111e u kontakt s ko\u017eom. To nije znak lo\u0161e kvalitete nakita, ve\u0107 kemijska reakcija izme\u0111u prirodnih ulja u va\u0161oj ko\u017ei i bakra u nakitu. Ho\u0107ete li iskusiti ovo ovisi o pH ravnote\u017ei va\u0161e ko\u017ee. Vi\u0161i pH (vi\u0161e kiselo) mo\u017ee zahtijevati \u010de\u0161\u0107e \u010di\u0161\u0107enje. Dobra vijest je da je reakcija potpuno bezopasna i nestaje s vremenom, a pravilno \u010di\u0161\u0107enje mo\u017ee vratiti originalnu boju.<\/p>\n<p data-start=\"1719\" data-end=\"1841\">Proces graviranja zahtijeva majstorstvo i potpunu pa\u017enju kako bi bio uspje\u0161an. Sav na\u0161 nakit ru\u010dno se oblikuje i polira.<\/p>\n<p data-start=\"1843\" data-end=\"1876\"><strong data-start=\"1843\" data-end=\"1857\">Dimenzije:<\/strong> pribli\u017eno 1,2 cm<\/p>\n<\/div>\n<\/div>\n","protected":false},"excerpt":{"rendered":"<p>Beautiful little bling of light on your ears! Perfect little squares with small intrinsic details of Pag lace. Prekrasni mali bljesak svjetla na va\u0161im u\u0161ima! Savr\u0161eni mali kvadrati\u0107i s finim, intrinzi\u010dnim detaljima Pag \u010dipke. Motiv Pag \u010dipke ugraviran je na metalnu povr\u0161inu ekolo\u0161kim metodama. Koristimo slanu vodu (more) i elektri\u010dnu struju kako bismo stvorili ovu [&hellip;]<\/p>\n","protected":false},"featured_media":2866,"comment_status":"open","ping_status":"closed","template":"","meta":{"ocean_post_layout":"","ocean_both_sidebars_style":"","ocean_both_sidebars_content_width":0,"ocean_both_sidebars_sidebars_width":0,"ocean_sidebar":"0","ocean_second_sidebar":"0","ocean_disable_margins":"enable","ocean_add_body_class":"","ocean_shortcode_before_top_bar":"","ocean_shortcode_after_top_bar":"","ocean_shortcode_before_header":"","ocean_shortcode_after_header":"","ocean_has_shortcode":"","ocean_shortcode_after_title":"","ocean_shortcode_before_footer_widgets":"","ocean_shortcode_after_footer_widgets":"","ocean_shortcode_before_footer_bottom":"","ocean_shortcode_after_footer_bottom":"","ocean_display_top_bar":"default","ocean_display_header":"default","ocean_header_style":"","ocean_center_header_left_menu":"0","ocean_custom_header_template":"0","ocean_custom_logo":0,"ocean_custom_retina_logo":0,"ocean_custom_logo_max_width":0,"ocean_custom_logo_tablet_max_width":0,"ocean_custom_logo_mobile_max_width":0,"ocean_custom_logo_max_height":0,"ocean_custom_logo_tablet_max_height":0,"ocean_custom_logo_mobile_max_height":0,"ocean_header_custom_menu":"0","ocean_menu_typo_font_family":"0","ocean_menu_typo_font_subset":"","ocean_menu_typo_font_size":0,"ocean_menu_typo_font_size_tablet":0,"ocean_menu_typo_font_size_mobile":0,"ocean_menu_typo_font_size_unit":"px","ocean_menu_typo_font_weight":"","ocean_menu_typo_font_weight_tablet":"","ocean_menu_typo_font_weight_mobile":"","ocean_menu_typo_transform":"","ocean_menu_typo_transform_tablet":"","ocean_menu_typo_transform_mobile":"","ocean_menu_typo_line_height":0,"ocean_menu_typo_line_height_tablet":0,"ocean_menu_typo_line_height_mobile":0,"ocean_menu_typo_line_height_unit":"","ocean_menu_typo_spacing":0,"ocean_menu_typo_spacing_tablet":0,"ocean_menu_typo_spacing_mobile":0,"ocean_menu_typo_spacing_unit":"","ocean_menu_link_color":"","ocean_menu_link_color_hover":"","ocean_menu_link_color_active":"","ocean_menu_link_background":"","ocean_menu_link_hover_background":"","ocean_menu_link_active_background":"","ocean_menu_social_links_bg":"","ocean_menu_social_hover_links_bg":"","ocean_menu_social_links_color":"","ocean_menu_social_hover_links_color":"","ocean_disable_title":"default","ocean_disable_heading":"default","ocean_post_title":"","ocean_post_subheading":"","ocean_post_title_style":"","ocean_post_title_background_color":"","ocean_post_title_background":0,"ocean_post_title_bg_image_position":"","ocean_post_title_bg_image_attachment":"","ocean_post_title_bg_image_repeat":"","ocean_post_title_bg_image_size":"","ocean_post_title_height":0,"ocean_post_title_bg_overlay":0.5,"ocean_post_title_bg_overlay_color":"","ocean_disable_breadcrumbs":"default","ocean_breadcrumbs_color":"","ocean_breadcrumbs_separator_color":"","ocean_breadcrumbs_links_color":"","ocean_breadcrumbs_links_hover_color":"","ocean_display_footer_widgets":"default","ocean_display_footer_bottom":"default","ocean_custom_footer_template":"0","omw_enable_modal_window":"enable"},"product_brand":[],"product_cat":[76,112],"product_tag":[72,79,77,78],"class_list":{"0":"post-2125","1":"product","2":"type-product","3":"status-publish","4":"has-post-thumbnail","6":"product_cat-nausnice","7":"product_cat-zlatne-nausnice","8":"product_tag-bestseller","9":"product_tag-brass","10":"product_tag-earrings","11":"product_tag-jewelry-2","13":"entry","14":"has-media","16":"first","17":"instock","18":"purchasable","19":"product-type-simple","20":"has-product-nav","21":"col","22":"span_1_of_3","23":"owp-content-center","24":"owp-thumbs-layout-horizontal","25":"owp-btn-normal","26":"owp-tabs-layout-horizontal"},"_links":{"self":[{"href":"https:\/\/suncanamore.com\/index.php?rest_route=\/wp\/v2\/product\/2125","targetHints":{"allow":["GET"]}}],"collection":[{"href":"https:\/\/suncanamore.com\/index.php?rest_route=\/wp\/v2\/product"}],"about":[{"href":"https:\/\/suncanamore.com\/index.php?rest_route=\/wp\/v2\/types\/product"}],"replies":[{"embeddable":true,"href":"https:\/\/suncanamore.com\/index.php?rest_route=%2Fwp%2Fv2%2Fcomments&post=2125"}],"wp:featuredmedia":[{"embeddable":true,"href":"https:\/\/suncanamore.com\/index.php?rest_route=\/wp\/v2\/media\/2866"}],"wp:attachment":[{"href":"https:\/\/suncanamore.com\/index.php?rest_route=%2Fwp%2Fv2%2Fmedia&parent=2125"}],"wp:term":[{"taxonomy":"product_brand","embeddable":true,"href":"https:\/\/suncanamore.com\/index.php?rest_route=%2Fwp%2Fv2%2Fproduct_brand&post=2125"},{"taxonomy":"product_cat","embeddable":true,"href":"https:\/\/suncanamore.com\/index.php?rest_route=%2Fwp%2Fv2%2Fproduct_cat&post=2125"},{"taxonomy":"product_tag","embeddable":true,"href":"https:\/\/suncanamore.com\/index.php?rest_route=%2Fwp%2Fv2%2Fproduct_tag&post=2125"}],"curies":[{"name":"wp","href":"https:\/\/api.w.org\/{rel}","templated":true}]}}